{"id":2144,"date":"2015-05-12T20:47:27","date_gmt":"2015-05-12T18:47:27","guid":{"rendered":"http:\/\/www.fu-frechen.de\/?page_id=2144"},"modified":"2021-07-22T21:01:09","modified_gmt":"2021-07-22T19:01:09","slug":"historische-forschung","status":"publish","type":"page","link":"https:\/\/www.fu-frechen.de\/?page_id=2144","title":{"rendered":"Historische Forschung"},"content":{"rendered":"<p><span style=\"color: #ffffff;\">.<\/span><\/p>\n<div id=\"attachment_89\" style=\"width: 310px\" class=\"wp-caption aligncenter\"><a href=\"https:\/\/www.fu-frechen.de\/wp-content\/uploads\/2013\/05\/FUF-Emblem.jpg\" rel=\"attachment wp-att-89\"><img aria-describedby=\"caption-attachment-89\" decoding=\"async\" loading=\"lazy\" class=\"size-medium wp-image-89\" src=\"https:\/\/www.fu-frechen.de\/wp-content\/uploads\/2013\/05\/FUF-Emblem-300x293.jpg\" alt=\"Homepage der Freien Universit\u00e4t Frechen \/ Startseite Kategorien: - Die Beatus-Chronik - Aktuelles - Die F.U.F. - Frechener Geschichte\" width=\"300\" height=\"293\" srcset=\"https:\/\/www.fu-frechen.de\/wp-content\/uploads\/2013\/05\/FUF-Emblem-300x293.jpg 300w, https:\/\/www.fu-frechen.de\/wp-content\/uploads\/2013\/05\/FUF-Emblem-1024x1001.jpg 1024w, https:\/\/www.fu-frechen.de\/wp-content\/uploads\/2013\/05\/FUF-Emblem-624x610.jpg 624w\" sizes=\"(max-width: 300px) 100vw, 300px\" \/><\/a><p id=\"caption-attachment-89\" class=\"wp-caption-text\"><span style=\"color: #ff0000;\">\u00a0 \u00a0\u00a0 \u00a0 \u00a0\u00a0 \u00a0 Homepage der Freien Universit\u00e4t Frechen \u00a0<\/span> \u00a0 \u00a0 \u00a0 \u00a0 \u00a0 \u00a0 \u00a0 \u00a0 \u00a0 \u00a0 \u00a0 \u00a0 \u00a0 \u00a0 \u00a0 \u00a0 \u00a0 \u00a0 \u00a0\u00a0\u00a0 <strong><span style=\"color: #008000;\"><em>Historische Forschung<\/em><\/span><br \/><\/strong><\/p><\/div>\n<p style=\"text-align: justify;\"><span style=\"color: #ffffff;\">.<\/span><\/p>\n<p style=\"text-align: justify;\"><strong><a href=\"https:\/\/www.fu-frechen.de\/wp-content\/uploads\/2021\/06\/h1a.png\"><img decoding=\"async\" loading=\"lazy\" class=\"alignleft  wp-image-7087\" src=\"https:\/\/www.fu-frechen.de\/wp-content\/uploads\/2021\/06\/h1a-220x300.png\" alt=\"\" width=\"104\" height=\"142\" \/><\/a>ISTORISCHE<\/strong> <strong>Themen<\/strong> werden auch auf anderen Unterseiten von fu-frechen.de angesprochen und im Zusammenang beleuchtet. Hier auf dieser Unterseite geht es aber um einzelne Forschungsbeitr\u00e4ge, sozusagen um einzelne Mosaiksteine, aus denen sich das Bild der Vergangenheit zusammensetzt.<\/p>\n<p>Den Anfang machen\u00a0 <strong>drei Beitr\u00e4ge von Dr. Martin Happ<\/strong>, im Folgenden mit [1-3] nummeriert.<\/p>\n<p><em>Info zur Person<\/em> \u2192 <a href=\"https:\/\/lisa.gerda-henkel-stiftung.de\/dr._martin_happ\">Dr. Martin Happ | L.I.S.A. &#8211; Das Wissenschaftsportal der Gerda Henkel Stiftung<\/a><\/p>\n<p>~~~~~~~~~~~~~~~~~~~~~~~~~~~~~~~~~~~~~~~~~~~~~~~~~~~~~~~~~~~~~~~~~~~~~~~~~~~~~~<\/p>\n<p><strong>[1]<\/strong><\/p>\n<p style=\"text-align: justify;\"><strong>H<\/strong>ier erscheint ein Forschungsbeitrag zum Themenbereich &#8222;Sport und Politik in der NS-Zeit&#8220;. Das Copyright liegt beim Autor dieses Textes, Dr. Martin Happ. Er m\u00f6chte diesen Beitrag interessierten Menschen vorab zug\u00e4nglich machen, bevor dieser, wie geplant, in einem wissenschaftlichen Organ ver\u00f6ffentlicht wird.<\/p>\n<p>Der Beitrag hat die Form einer PDF-Datei (nur anklicken): <a href=\"https:\/\/www.fu-frechen.de\/wp-content\/uploads\/2015\/05\/150512.pdf\">150512<\/a><\/p>\n<p>\u00a9 Copyright 2015 Dr. Martin Happ<\/p>\n<p>~~~~~~~~~~~~~~~~~~~~~~~~~~~~~~~~~~~~~~~~~~~~~~~~~~~~~~~~~~~~~~~~~~~~~~~~~~~~~~<\/p>\n<p style=\"text-align: justify;\"><strong>[2]<\/strong><\/p>\n<p style=\"text-align: justify;\"><strong>Z<\/strong>um selben Themenbereich folgt hier ein zweiter Beitrag vom selben\u00a0 Autor, Dr. Martin Happ. Hier geht es um teils vergessene Sportereignisse der Jahre 1937-39 und die NS-Sportpolitik (wiederum nur anklicken):<\/p>\n<p><a href=\"https:\/\/www.fu-frechen.de\/wp-content\/uploads\/2015\/05\/45_1937_1939.pdf\">45_1937_1939<\/a><\/p>\n<p>\u00a9 Copyright 2015 by Dr. Martin Happ<\/p>\n<p>~~~~~~~~~~~~~~~~~~~~~~~~~~~~~~~~~~~~~~~~~~~~~~~~~~~~~~~~~~~~~~~~~~~~~~~~~~~~~~<\/p>\n<p style=\"text-align: justify;\"><strong>[3]<\/strong><\/p>\n<p style=\"text-align: justify;\"><strong>Ein weiterer Beitrag von Dr. Martin Happ f\u00fcr Interessierte <span style=\"color: #ff0000;\">(<em>h\u00f6chst lesenswert besonders f\u00fcr Historiker<\/em>, meint der <em>S.R.<\/em>)<\/span>,<\/strong> war an dieser Stelle \u00fcber einen Link in eine Dropbox abrufbar, kann aber nun auf der Seite der Henkel-Stiftung im L.I.S.A. Wissenschaftsportal aufgerufen und heruntergeladen werden:<\/p>\n<p>anklicken\u2192\u00a0 <a href=\"https:\/\/lisa.gerda-henkel-stiftung.de\/detlef_okrent\">Detlef Okrent (1909-1983): Eine Hockey-Silbermedaille von 1936, die Massaker von Tulle und Oradour im Juni 1944 und eine Existenz in der Bundesrepublik nach 1948 | L.I.S.A. WISSENSCHAFTSPORTAL GERDA HENKEL STIFTUNG<\/a><\/p>\n<p>\u00a9 Copyright 2016 by Dr. Martin Happ<\/p>\n<p>~~~~~~~~~~~~~~~~~~~~~~~~~~~~~~~~~~~~~~~~~~~~~~~~~~~~~~~~~~~~~~~~~~~~~~~~~~~~~~<\/p>\n<p><span style=\"color: #ff0000;\"><strong><em>neu (2021):<\/em><\/strong><\/span><\/p>\n<p><strong>D<\/strong>r. Jochen Menge hat \u00fcber den in Frechen geborenen Arzt Dr. Max Samuel geforscht und einen Aufsatz geschrieben, der das Leben dieses j\u00fcdischen Arztes nachzeichnet. Dr. Samuel praktizierte in K\u00f6ln und wurde im KZ Auschwitz ermordet. Diesen lesenswerten Beitrag findet frau\/man unter dem Link <a href=\"http:\/\/www.museenkoeln.de\/Downloads\/nsd\/Mende_Samuel_2020.pdf\">Mende_Samuel_2020.pdf<\/a>\u00a0 [auf der Homepage des NS-Dukumentationszentrums K\u00f6ln].<\/p>\n<p>Dieser Beitrag ist in vieler Hinsicht interessant; u.a. stellt er Probleme der Forschung dar, wo Fragen bisher nicht eindeutig zu beantworten sind. Er setzt Kenntnisse allgemeiner Art \u00fcber die Judenverfolgung und KZs bzw. Vernichtungslager voraus, wie sie in jedem Schul-Geschichtsbuch und Handbuch nachzulesen sind.<\/p>\n<p style=\"text-align: center;\">~~~~~~~~~~~~<\/p>\n<p style=\"text-align: left;\">~~~~~~~~~~~~~~~~~~~~~~~~~~~~~~~~~~~~~~~~~~~~~~~~~~~~~~~~~~~~~~~~~~~~~~~~~~~~~~<\/p>\n<p style=\"text-align: center;\">\n<p><strong>D<\/strong>er neueste Beitrag von Dr. Martin Happ im Portal LISA handelt von Albert Hirn, speziell von seiner Biografie und darin ungekl\u00e4rten Fragen. Sehr gut zeigt der Autor dabei, welche Probleme mit der Beurteilung von Personen bzw. ihrem Handeln in der Vergangenheit verbunden sind. Die Beurteilung kann ihren Schwerpunkt je nach historischem Umfeld\u00a0 in die eine oder andere Richtung verschieben. Auch die verf\u00fcgbaren Quellen lassen manchmal mehr Fragen offen, als sie beantworten&#8230;<\/p>\n<p><a href=\"https:\/\/lisa.gerda-henkel-stiftung.de\/prof._dr._albert_hirn_1888_1966?nav_id=9910\">Prof. Dr. Albert Hirn (1888-1966) | L.I.S.A. WISSENSCHAFTSPORTAL GERDA HENKEL STIFTUNG<\/a>\u00a0 (Dort kann der eigentliche, ausf\u00fchrliche Beitrag als PDF heruntergeladen werden.)<\/p>\n<p style=\"text-align: center;\">~~~~~~~~~<\/p>\n<p>Dr. Martin Happ forscht nicht nur auf dem Gebiet der Sportwissenschaft bzw. Sportgeschichte (vgl. oben: Info zur Person). Schon fr\u00fcher besch\u00e4ftigte er sich mit dem Martinskult, seiner Entstehung und der Entwicklung bis in die Gegenwart. Dieser Beitrag kann (wie oben 3) heruntergeladen werden \u00fcber den folgenden Link:<\/p>\n<p><a href=\"https:\/\/lisa.gerda-henkel-stiftung.de\/wege_zum_rheinischen_martinsbrauchtum?nav_id=7293\">Wege zum rheinischen Martinsbrauchtum | L.I.S.A. WISSENSCHAFTSPORTAL GERDA HENKEL STIFTUNG<\/a><\/p>\n<p>Als Einf\u00fchrung zum Thema &#8222;St. Martin&#8220; kann man hier einen Beitrag im &gt;<em>Blog <\/em>lesen, zu finden in der Kategorie &gt;<em>Mittelalter-Magazin:<\/em> &#8222;Zum Beispiel: der hl. Martin&#8220;.<\/p>\n<p>&#8212;<em><br \/>\n<\/em><\/p>\n<p><span style=\"color: #ffffff;\">.<\/span><\/p>\n<p><span style=\"color: #ffffff;\">.<\/span><\/p>\n<p><a href=\"https:\/\/www.fu-frechen.de\/wp-content\/uploads\/2016\/10\/8b.png\"><img decoding=\"async\" loading=\"lazy\" class=\"aligncenter wp-image-3224\" src=\"https:\/\/www.fu-frechen.de\/wp-content\/uploads\/2016\/10\/8b-300x79.png\" alt=\"8b\" width=\"349\" height=\"92\" srcset=\"https:\/\/www.fu-frechen.de\/wp-content\/uploads\/2016\/10\/8b-300x79.png 300w, https:\/\/www.fu-frechen.de\/wp-content\/uploads\/2016\/10\/8b-768x203.png 768w, https:\/\/www.fu-frechen.de\/wp-content\/uploads\/2016\/10\/8b-1024x271.png 1024w, https:\/\/www.fu-frechen.de\/wp-content\/uploads\/2016\/10\/8b-624x165.png 624w\" sizes=\"(max-width: 349px) 100vw, 349px\" \/><\/a><\/p>\n<p>.<\/p>\n","protected":false},"excerpt":{"rendered":"<p>. . ISTORISCHE Themen werden auch auf anderen Unterseiten von fu-frechen.de angesprochen und im Zusammenang beleuchtet. Hier auf dieser Unterseite geht es aber um einzelne Forschungsbeitr\u00e4ge, sozusagen um einzelne Mosaiksteine, aus denen sich das Bild der Vergangenheit zusammensetzt. Den Anfang machen\u00a0 drei Beitr\u00e4ge von Dr. Martin Happ, im Folgenden mit [1-3] nummeriert. Info zur Person [&hellip;]<\/p>\n","protected":false},"author":3,"featured_media":0,"parent":0,"menu_order":7,"comment_status":"closed","ping_status":"open","template":"","meta":[],"_links":{"self":[{"href":"https:\/\/www.fu-frechen.de\/index.php?rest_route=\/wp\/v2\/pages\/2144"}],"collection":[{"href":"https:\/\/www.fu-frechen.de\/index.php?rest_route=\/wp\/v2\/pages"}],"about":[{"href":"https:\/\/www.fu-frechen.de\/index.php?rest_route=\/wp\/v2\/types\/page"}],"author":[{"embeddable":true,"href":"https:\/\/www.fu-frechen.de\/index.php?rest_route=\/wp\/v2\/users\/3"}],"replies":[{"embeddable":true,"href":"https:\/\/www.fu-frechen.de\/index.php?rest_route=%2Fwp%2Fv2%2Fcomments&post=2144"}],"version-history":[{"count":81,"href":"https:\/\/www.fu-frechen.de\/index.php?rest_route=\/wp\/v2\/pages\/2144\/revisions"}],"predecessor-version":[{"id":7139,"href":"https:\/\/www.fu-frechen.de\/index.php?rest_route=\/wp\/v2\/pages\/2144\/revisions\/7139"}],"wp:attachment":[{"href":"https:\/\/www.fu-frechen.de\/index.php?rest_route=%2Fwp%2Fv2%2Fmedia&parent=2144"}],"curies":[{"name":"wp","href":"https:\/\/api.w.org\/{rel}","templated":true}]}}

<p><span style="color: #ffffff;">.</span></p>
<div id="attachment_89" style="width: 310px" class="wp-caption aligncenter"><a href="https://www.fu-frechen.de/wp-content/uploads/2013/05/FUF-Emblem.jpg" rel="attachment wp-att-89"><img aria-describedby="caption-attachment-89" decoding="async" loading="lazy" class="size-medium wp-image-89" src="https://www.fu-frechen.de/wp-content/uploads/2013/05/FUF-Emblem-300x293.jpg" alt="Homepage der Freien Universität Frechen / Startseite Kategorien: - Die Beatus-Chronik - Aktuelles - Die F.U.F. - Frechener Geschichte" width="300" height="293" srcset="https://www.fu-frechen.de/wp-content/uploads/2013/05/FUF-Emblem-300x293.jpg 300w, https://www.fu-frechen.de/wp-content/uploads/2013/05/FUF-Emblem-1024x1001.jpg 1024w, https://www.fu-frechen.de/wp-content/uploads/2013/05/FUF-Emblem-624x610.jpg 624w" sizes="(max-width: 300px) 100vw, 300px" /></a><p id="caption-attachment-89" class="wp-caption-text"><span style="color: #ff0000;">            Homepage der Freien Universität Frechen  </span>                                         <strong><span style="color: #008000;"><em>Historische Forschung</em></span><br /></strong></p></div>
<p style="text-align: justify;"><span style="color: #ffffff;">.</span></p>
<p style="text-align: justify;"><strong><a href="https://www.fu-frechen.de/wp-content/uploads/2021/06/h1a.png"><img decoding="async" loading="lazy" class="alignleft  wp-image-7087" src="https://www.fu-frechen.de/wp-content/uploads/2021/06/h1a-220x300.png" alt="" width="104" height="142" /></a>ISTORISCHE</strong> <strong>Themen</strong> werden auch auf anderen Unterseiten von fu-frechen.de angesprochen und im Zusammenang beleuchtet. Hier auf dieser Unterseite geht es aber um einzelne Forschungsbeiträge, sozusagen um einzelne Mosaiksteine, aus denen sich das Bild der Vergangenheit zusammensetzt.</p>
<p>Den Anfang machen  <strong>drei Beiträge von Dr. Martin Happ</strong>, im Folgenden mit [1-3] nummeriert.</p>
<p><em>Info zur Person</em> → <a href="https://lisa.gerda-henkel-stiftung.de/dr._martin_happ">Dr. Martin Happ | L.I.S.A. &#8211; Das Wissenschaftsportal der Gerda Henkel Stiftung</a></p>
<p>~~~~~~~~~~~~~~~~~~~~~~~~~~~~~~~~~~~~~~~~~~~~~~~~~~~~~~~~~~~~~~~~~~~~~~~~~~~~~~</p>
<p><strong>[1]</strong></p>
<p style="text-align: justify;"><strong>H</strong>ier erscheint ein Forschungsbeitrag zum Themenbereich &#8222;Sport und Politik in der NS-Zeit&#8220;. Das Copyright liegt beim Autor dieses Textes, Dr. Martin Happ. Er möchte diesen Beitrag interessierten Menschen vorab zugänglich machen, bevor dieser, wie geplant, in einem wissenschaftlichen Organ veröffentlicht wird.</p>
<p>Der Beitrag hat die Form einer PDF-Datei (nur anklicken): <a href="https://www.fu-frechen.de/wp-content/uploads/2015/05/150512.pdf">150512</a></p>
<p>© Copyright 2015 Dr. Martin Happ</p>
<p>~~~~~~~~~~~~~~~~~~~~~~~~~~~~~~~~~~~~~~~~~~~~~~~~~~~~~~~~~~~~~~~~~~~~~~~~~~~~~~</p>
<p style="text-align: justify;"><strong>[2]</strong></p>
<p style="text-align: justify;"><strong>Z</strong>um selben Themenbereich folgt hier ein zweiter Beitrag vom selben  Autor, Dr. Martin Happ. Hier geht es um teils vergessene Sportereignisse der Jahre 1937-39 und die NS-Sportpolitik (wiederum nur anklicken):</p>
<p><a href="https://www.fu-frechen.de/wp-content/uploads/2015/05/45_1937_1939.pdf">45_1937_1939</a></p>
<p>© Copyright 2015 by Dr. Martin Happ</p>
<p>~~~~~~~~~~~~~~~~~~~~~~~~~~~~~~~~~~~~~~~~~~~~~~~~~~~~~~~~~~~~~~~~~~~~~~~~~~~~~~</p>
<p style="text-align: justify;"><strong>[3]</strong></p>
<p style="text-align: justify;"><strong>Ein weiterer Beitrag von Dr. Martin Happ für Interessierte <span style="color: #ff0000;">(<em>höchst lesenswert besonders für Historiker</em>, meint der <em>S.R.</em>)</span>,</strong> war an dieser Stelle über einen Link in eine Dropbox abrufbar, kann aber nun auf der Seite der Henkel-Stiftung im L.I.S.A. Wissenschaftsportal aufgerufen und heruntergeladen werden:</p>
<p>anklicken→  <a href="https://lisa.gerda-henkel-stiftung.de/detlef_okrent">Detlef Okrent (1909-1983): Eine Hockey-Silbermedaille von 1936, die Massaker von Tulle und Oradour im Juni 1944 und eine Existenz in der Bundesrepublik nach 1948 | L.I.S.A. WISSENSCHAFTSPORTAL GERDA HENKEL STIFTUNG</a></p>
<p>© Copyright 2016 by Dr. Martin Happ</p>
<p>~~~~~~~~~~~~~~~~~~~~~~~~~~~~~~~~~~~~~~~~~~~~~~~~~~~~~~~~~~~~~~~~~~~~~~~~~~~~~~</p>
<p><span style="color: #ff0000;"><strong><em>neu (2021):</em></strong></span></p>
<p><strong>D</strong>r. Jochen Menge hat über den in Frechen geborenen Arzt Dr. Max Samuel geforscht und einen Aufsatz geschrieben, der das Leben dieses jüdischen Arztes nachzeichnet. Dr. Samuel praktizierte in Köln und wurde im KZ Auschwitz ermordet. Diesen lesenswerten Beitrag findet frau/man unter dem Link <a href="http://www.museenkoeln.de/Downloads/nsd/Mende_Samuel_2020.pdf">Mende_Samuel_2020.pdf</a>  [auf der Homepage des NS-Dukumentationszentrums Köln].</p>
<p>Dieser Beitrag ist in vieler Hinsicht interessant; u.a. stellt er Probleme der Forschung dar, wo Fragen bisher nicht eindeutig zu beantworten sind. Er setzt Kenntnisse allgemeiner Art über die Judenverfolgung und KZs bzw. Vernichtungslager voraus, wie sie in jedem Schul-Geschichtsbuch und Handbuch nachzulesen sind.</p>
<p style="text-align: center;">~~~~~~~~~~~~</p>
<p style="text-align: left;">~~~~~~~~~~~~~~~~~~~~~~~~~~~~~~~~~~~~~~~~~~~~~~~~~~~~~~~~~~~~~~~~~~~~~~~~~~~~~~</p>
<p style="text-align: center;">
<p><strong>D</strong>er neueste Beitrag von Dr. Martin Happ im Portal LISA handelt von Albert Hirn, speziell von seiner Biografie und darin ungeklärten Fragen. Sehr gut zeigt der Autor dabei, welche Probleme mit der Beurteilung von Personen bzw. ihrem Handeln in der Vergangenheit verbunden sind. Die Beurteilung kann ihren Schwerpunkt je nach historischem Umfeld  in die eine oder andere Richtung verschieben. Auch die verfügbaren Quellen lassen manchmal mehr Fragen offen, als sie beantworten&#8230;</p>
<p><a href="https://lisa.gerda-henkel-stiftung.de/prof._dr._albert_hirn_1888_1966?nav_id=9910">Prof. Dr. Albert Hirn (1888-1966) | L.I.S.A. WISSENSCHAFTSPORTAL GERDA HENKEL STIFTUNG</a>  (Dort kann der eigentliche, ausführliche Beitrag als PDF heruntergeladen werden.)</p>
<p style="text-align: center;">~~~~~~~~~</p>
<p>Dr. Martin Happ forscht nicht nur auf dem Gebiet der Sportwissenschaft bzw. Sportgeschichte (vgl. oben: Info zur Person). Schon früher beschäftigte er sich mit dem Martinskult, seiner Entstehung und der Entwicklung bis in die Gegenwart. Dieser Beitrag kann (wie oben 3) heruntergeladen werden über den folgenden Link:</p>
<p><a href="https://lisa.gerda-henkel-stiftung.de/wege_zum_rheinischen_martinsbrauchtum?nav_id=7293">Wege zum rheinischen Martinsbrauchtum | L.I.S.A. WISSENSCHAFTSPORTAL GERDA HENKEL STIFTUNG</a></p>
<p>Als Einführung zum Thema &#8222;St. Martin&#8220; kann man hier einen Beitrag im &gt;<em>Blog </em>lesen, zu finden in der Kategorie &gt;<em>Mittelalter-Magazin:</em> &#8222;Zum Beispiel: der hl. Martin&#8220;.</p>
<p>&#8212;<em><br />
</em></p>
<p><span style="color: #ffffff;">.</span></p>
<p><span style="color: #ffffff;">.</span></p>
<p><a href="https://www.fu-frechen.de/wp-content/uploads/2016/10/8b.png"><img decoding="async" loading="lazy" class="aligncenter wp-image-3224" src="https://www.fu-frechen.de/wp-content/uploads/2016/10/8b-300x79.png" alt="8b" width="349" height="92" srcset="https://www.fu-frechen.de/wp-content/uploads/2016/10/8b-300x79.png 300w, https://www.fu-frechen.de/wp-content/uploads/2016/10/8b-768x203.png 768w, https://www.fu-frechen.de/wp-content/uploads/2016/10/8b-1024x271.png 1024w, https://www.fu-frechen.de/wp-content/uploads/2016/10/8b-624x165.png 624w" sizes="(max-width: 349px) 100vw, 349px" /></a></p>
<p>.</p>

<p>. . ISTORISCHE Themen werden auch auf anderen Unterseiten von fu-frechen.de angesprochen und im Zusammenang beleuchtet. Hier auf dieser Unterseite geht es aber um einzelne Forschungsbeiträge, sozusagen um einzelne Mosaiksteine, aus denen sich das Bild der Vergangenheit zusammensetzt. Den Anfang machen  drei Beiträge von Dr. Martin Happ, im Folgenden mit [1-3] nummeriert. Info zur Person [&hellip;]</p>
